2 - i**2. Is v(10) a prime number?
True
Let q be -1*(-2)/((-4)/(-14)). Suppose -5*j + 4*j = -q. Is j a composite number?
False
Let b = -87 + 184. Is b a prime number?
True
Let q = -812 - -1445. Is q a composite number?
True
Suppose -4*g = -105 - 259. Is g a prime number?
False
Let l = 3 - 1. Is 4 + (-6 + l)/(-2) prime?
False
Let n = 24 + -16. Suppose -13 = -6*v + v + z, 4*z - n = 0. Suppose -t - 130 = -v*t. Is t composite?
True
Let n = -3 + 8. Suppose n*y - 2*x = -575, y - 4*x - 254 = 3*y. Is y/(-6)*(-8)/(-6) composite?
True
Suppose -2*v - 20 = -4*s + v, -20 = 5*v. Suppose 3*d = -4*i + 5, s*i = 7*d - 3*d - 36. Is -51*d/((-21)/2) a composite number?
True
Let y be ((-28)/10 - -3) + (-19)/(-5). Let b = 5142 - 3140. Suppose 5*f = y*p - 1749, 0 = 4*p - f - b + 273. Is p a composite number?
False
Let f = 70 + -15. Suppose 0 = -w - s + f, 0 = 4*w - 0*s - 4*s - 236. Is w a prime number?
False
Suppose 7*z - 224 - 567 = 0. Is z a composite number?
False
Let k(u) = -u**2 - 8*u - 6. Let z be k(-7). Let w(q) = -98*q**2 - 4*q + 1. Let d(r) = 294*r**2 + 11*r - 3. Let b(c) = 4*d(c) + 11*w(c). Is b(z) prime?
True
Suppose i + 55 = -4*i. Let x = i + 8. Is 15 + x + (0 - 2) composite?
True
Let y = 3 + 0. Let c be (-458)/(-6) + 2/y. Is 2 + (-1 - -2)*c a prime number?
True
Suppose -5*t - 306 = 2*n - 1047, 0 = -2*t + 5*n + 308. Is t composite?
False
Suppose -20 = -4*v + 4*i, 1 = v + i + 2. Suppose -4*b = 16, 6*b - v*b + 73 = 3*g. Is g a composite number?
False
Suppose 5*v + b + 2*b - 4090 = 0, 0 = v + 4*b - 818. Is v a composite number?
True
Let c = 2267 + -610. Is c prime?
True
Let m(c) = 15*c**3 - 8*c**2 + 3*c + 3. Is m(5) prime?
True
Let h(d) = 15*d**3 - 5*d**2 - 2*d - 7. Is h(4) a prime number?
False
Let f(g) = -3*g + 3. Let t be f(1). Suppose -251 = -2*m + 5*j, -236 = -2*m - t*m + 2*j. Is m a prime number?
True
Let x be 87/27 + (-4)/18. Let r be (x/(-9))/(3/(-18)). Suppose -2*j = -3*j - 2*q + 41, -r*j + q + 57 = 0. Is j a prime number?
True
Suppose q + 58 = 3*q. Let k = 162 - q. Is k composite?
True
Suppose 4*j - 5*x = 4264, 0 = -4*j + 3*x + 3367 + 889. Is j a composite number?
False
Let x be 1*(2 + (-3 - -6)). Suppose -x*f + 129 = -46. Is f a composite number?
True
Suppose 7*u - 508 = 5*u. Is u prime?
False
Let k = 3 + -1. Suppose k*t = -3*m - 0*t + 617, m + 4*t - 189 = 0. Is m composite?
True
Let p(y) = -y**2 + 15 + 10*y + 2*y**2 + 2*y**2. Is p(-8) composite?
False
Let d = 48 + -9. Suppose 6*p - 3*p = d. Is p a prime number?
True
Let q = 480 + -150. Let g = q - 233. Is g composite?
False
Suppose 0 = 4*i - 161 - 155. Is i a composite number?
False
Let o = 2461 - 757. Is (5/(-3))/((-8)/o) a prime number?
False
Suppose -p = -l - l - 251, -2*l + 3*p - 249 = 0. Let x(q) = -14*q - 5. Let h be x(6). Let r = h - l. Is r a prime number?
True
Let a = 3036 - 515. Is a a composite number?
False
Let l = 10 + -8. Suppose 4*h = -2*x + 220, -l*h - 102 = -x - 0*x. Let m = 23 + x. Is m a composite number?
True
Let i be (-2)/4*(-47 - -1). Suppose 143 = 4*n + i. Suppose 113 = j + n. Is j composite?
False
Let u = 8 - -26. Suppose 0 = -4*n + 138 - u. Is n a composite number?
True
Let m = -77 - -262. Is m a composite number?
True
Suppose -3*j + 23 = 4*t, -2*t - 6*j = -2*j - 24. Suppose 0 = -2*h + 5*p + 23, -5*h + t*p = -h - 70. Is h a prime number?
True
Let c(a) = a**3 - 7*a**2 + 6*a + 3. Let o be c(6). Suppose 0 = x, -2*w + 374 = o*x - 2*x. Is w a prime number?
False
Let p = 631 + 446. Is p a prime number?
False
Let a(g) be the second derivative of 19*g**3/6 - 4*g**2 - 2*g. Is a(9) composite?
False
Suppose 3*q + y = 4*q - 7, -22 = -4*q + y. Is 1161/15 + (-2)/q prime?
False
Suppose -13*f + 9*f = -6572. Is f composite?
True
Suppose -5*n - 1004 = -9*n. Is n a prime number?
True
Let o = 623 + -332. Is o a composite number?
True
Let z(y) = y + 6. Let f be z(0). Suppose -10 = -5*o, 4*o - 2 - f = 5*x. Suppose 3*h - 5*c - 100 = x, 0*c - 3*c = -3*h + 102. Is h prime?
False
Suppose -2*d + 3*z - 521 = -3*d, -z = 0. Is d composite?
False
Suppose -4*a + a = -18. Let b(z) = 5*z**2 - z - 11. Is b(a) composite?
False
Let y(t) = -38*t**3 + 3*t**2 - 4*t - 1. Let j be y(3). Is (-1)/(1 + j/1010) a composite number?
True
Suppose 2*z = 7*z + 5. Let l = 7 + z. Is (236/l)/(6/9) a composite number?
False
Suppose -5*w - 329 = -1584. Is w a prime number?
True
Let n = 10 + -6. Suppose -2*j - 2 = 4, -4*p + 4*j + n = 0. Is (-7)/p*2*3 prime?
False
Suppose 2*u = u - l + 3, -9 = u - 5*l. Let t(y) = 80*y - 1. Is t(u) a prime number?
True
Suppose -3*q + 1532 = -409. Is q composite?
False
Let i = 15 - 10. Let p(k) = 93*k**3 - k**2 - k + 1. Let x be p(1). Suppose x - 17 = i*f. Is f a composite number?
True
Let p be ((-24)/15 + 0)*-40. Suppose 0 = -0*k + 2*k - p. Let z = k + -13. Is z composite?
False
Let c = 5 - 5. Is 5 + 4 - (c - -2) prime?
True
Let m = -173 - -419. Let g = m + -131. Is g composite?
True
Let t(f) = -f**3 + 11*f**2 - 10*f + 2. Let a be t(8). Let h = -29 + a. Is h composite?
True
Let j = 1 - 1. Suppose t + 2*t - 15 = j. Suppose 2*o + o - 967 = -t*y, y = 2. Is o a prime number?
False
Let r(z) = 36*z + 3. Let i be r(5). Let y be (-3)/(-4) + (-3130)/(-8). Suppose 0 = 4*s + v - y, -i = -3*s + v + 104. Is s prime?
True
Suppose -6*q = -4*q - 166. Is q prime?
True
Suppose -2*c + 4*n = -426, 3*c - n + 632 = 6*c. Is c a composite number?
False
Suppose -a = 4*m + 10, 0 = 4*m + 2*a - 0*a + 12. Let n = m + 3. Suppose l - 25 = n. Is l a composite number?
True
Suppose 156 = 5*i - b - 91, 0 = -2*i + b + 100. Is i composite?
True
Is 343/11 + 2/(-11) composite?
False
Suppose -215 = 2*m - 7*m. Let p = 170 - m. Is p composite?
False
Let q be (333/6)/(1/2). Suppose -37 - q = -4*o - 2*r, 0 = -o - 3*r + 37. Let z = 70 - o. Is z prime?
False
Let q(w) = w**2 + w - 6. Suppose 3*s - 6*s = -75. Suppose 0*d = 5*d + s. Is q(d) composite?
True
Is 3607/2 - 20/8 prime?
True
Let g = 282 + 48. Suppose 5*j + g = 4*i - 462, 820 = 4*i + 2*j. Is i composite?
True
Let s(l) = l**3 + 8*l - 4. Let x = -13 + 18. Is s(x) composite?
True
Suppose -5*t - 1232 = 4*h, -4*t = -h - h + 996. Suppose -14*k = -2054 - 2902. Let l = k + t. Is l a composite number?
True
Suppose -394 = -3*k + 560. Suppose -2*s = -4*s + k. Let r = 241 - s. Is r a composite number?
True
Let z(j) be the third derivative of 4*j**6/5 + j**5/30 - j**3/6 + j**2. Is z(1) prime?
True
Let x(s) = -s + 1. Let q be x(1). Suppose -3 = -p - q*p. Suppose 2*u = -p*u + 215. Is u a composite number?
False
Let n = 3808 + -885. Is n prime?
False
Let a(v) = -v**3 + 5*v**2 + 2*v - 3. Let g be a(5). Let c = g - 7. Suppose 2*o = -0*o + 4*r + 250, -2*o - r + 265 = c. Is o composite?
False
Let o(v) = v**3 - v**2 + v. Let k be o(2). Let x(m) = m + m**2 + k - 2*m - 4*m + 3*m. Is x(5) a prime number?
False
Let h(d) = -41*d + 3. Is h(-4) composite?
False
Is (-1667)/(-9) + 28/(-126) prime?
False
Let k(j) = j**3 + 13*j**2 + 13*j - 2. Let o be k(-10). Let x = -89 + o. Is x a composite number?
False
Let g = -9 + 15. Suppose 2*t + 2 = -g. Is 18/(-4)*8/t prime?
False
Let o(k) = -20*k - 1. Suppose 5*q + 21 = -h, 3*q - q + 10 = -2*h. Is o(q) prime?
True
Let o(b) = -84*b + 4. Let c be o(-10). Suppose 5*x - c = x. Is x a composite number?
False
Let z(w) = -w**2 - 5*w - 2. Let k be z(-3). Suppose 2*j + 254 = k*j. Is j a composite number?
False
Suppose -6*w + 974 = 20. Is w composite?
True
Let a(b) = b**3 - 4*b**2 - 4*b + 5. Let l(u) = -6*u - 1. Let f be l(-1). Suppose j + 3*v = 2*v + 4, v + 32 = f*j. Is a(j) prime?
True
Let x(t) = t**3 - 5*t**2 - 9*t - 10. Let s = 1 + 6. Is x(s) a composite number?
True
Let o(b) = -1. Let u(k) = k**2 - 9*k - 15. Let p(h) = 4*o(h) - u(h). Let i be p(10). Is (3 - i)/(-1) - -9 prime?
True
Let a(t) = 86*t + 1. Is a(1) composite?
True
Let z(p) = 12*p**2 - 2*p**2 + 4 - p - 2*p + 6*p. Is z(-3) a composite number?
True
Let c = -22867 - -35808. Is c a prime number?
True
Let w = 22 + -15. Let r(b) = w*b + 1 - b**2 - 5 - 2*b + 3*b. Is r(3) prime?
True
Let t(i) = i**3 - 10*i**2 + 6*i + 2. Suppose 2*v + 5*z - 30 = 0, 2*v = 3*z + 6 + 8. Is t(v) composite?
True
Suppose -4*k = 3*u - 406, -u + 90 = 4*k - 320. Suppose k = 3*p - 530. Is p prime?
True
Let y(d) = -16*d**2 + d + 1. Let u be y(-1). Let j be (9/4)/(2/u). Let r = j - -41. Is r prime?
True
Let a be (6 - 7)*5*5. Is 14*(-3 - a/2) a composi